{"id":11971,"date":"2023-12-16T10:04:01","date_gmt":"2023-12-16T10:04:01","guid":{"rendered":"https:\/\/kinkyshop.dk\/?post_type=product&#038;p=11971"},"modified":"2023-12-16T10:11:42","modified_gmt":"2023-12-16T10:11:42","slug":"selvsiddende-stroemper-med-blondekant-og-soem","status":"publish","type":"product","link":"https:\/\/kinkyshop.dk\/?product=selvsiddende-stroemper-med-blondekant-og-soem","title":{"rendered":"Selvsiddende Str\u00f8mper med Blondekant og S\u00f8m"},"content":{"rendered":"<p>Disse fine sorte str\u00f8mper er dit uundv\u00e6rlige tilbeh\u00f8r til din perfekte elegante fremtoning. Den stilfulde s\u00f8m bag p\u00e5 benet og blondekanten giver et strejf af sexethed til dine ben. Den silikoneforst\u00e6rkede indvendige manchet sikrer, at hold-up str\u00f8mperne er skridsikre og forbliver perfekt p\u00e5 plads. Nyd den sensuelle, silkeagtige fornemmelse og de beundrende blikke!<\/p>\n<p>Snit og materiale: Sorte elvsiddende str\u00f8mper med s\u00f8m p\u00e5 bagsiden og 8 cm brede blonder i toppen. Indvendig med silikoneforst\u00e6rkning for skridsikker pasform og optimal st\u00f8tte. Let forformet fod. Tr\u00e5dtal 20 den. 92% polyamid, 8% elastan.<br \/>\n&#8211; Med elastan: Stay-up-str\u00f8mperne giver ikke kun et uimodst\u00e5eligt udseende, men ogs\u00e5 en sikker pasform og maksimal komfort.<\/p>\n","protected":false},"excerpt":{"rendered":"<p>Disse fine sorte str\u00f8mper er dit uundv\u00e6rlige tilbeh\u00f8r til din perfekte elegante fremtoning. Den stilfulde s\u00f8m bag p\u00e5 benet og blondekanten giver et strejf af sexethed til dine ben. Den silikoneforst\u00e6rkede indvendige manchet sikrer, at hold-up str\u00f8mperne er skridsikre og forbliver perfekt p\u00e5 plads. Nyd den sensuelle, silkeagtige fornemmelse og de beundrende blikke! Snit og [&hellip;]<\/p>\n","protected":false},"featured_media":11980,"template":"","meta":{"_acf_changed":false,"ocean_post_layout":"","ocean_both_sidebars_style":"","ocean_both_sidebars_content_width":0,"ocean_both_sidebars_sidebars_width":0,"ocean_sidebar":"0","ocean_second_sidebar":"0","ocean_disable_margins":"enable","ocean_add_body_class":"","ocean_shortcode_before_top_bar":"","ocean_shortcode_after_top_bar":"","ocean_shortcode_before_header":"","ocean_shortcode_after_header":"","ocean_has_shortcode":"","ocean_shortcode_after_title":"","ocean_shortcode_before_footer_widgets":"","ocean_shortcode_after_footer_widgets":"","ocean_shortcode_before_footer_bottom":"","ocean_shortcode_after_footer_bottom":"","ocean_display_top_bar":"default","ocean_display_header":"default","ocean_header_style":"","ocean_center_header_left_menu":"0","ocean_custom_header_template":"0","ocean_custom_logo":0,"ocean_custom_retina_logo":0,"ocean_custom_logo_max_width":0,"ocean_custom_logo_tablet_max_width":0,"ocean_custom_logo_mobile_max_width":0,"ocean_custom_logo_max_height":0,"ocean_custom_logo_tablet_max_height":0,"ocean_custom_logo_mobile_max_height":0,"ocean_header_custom_menu":"0","ocean_menu_typo_font_family":"0","ocean_menu_typo_font_subset":"","ocean_menu_typo_font_size":0,"ocean_menu_typo_font_size_tablet":0,"ocean_menu_typo_font_size_mobile":0,"ocean_menu_typo_font_size_unit":"px","ocean_menu_typo_font_weight":"","ocean_menu_typo_font_weight_tablet":"","ocean_menu_typo_font_weight_mobile":"","ocean_menu_typo_transform":"","ocean_menu_typo_transform_tablet":"","ocean_menu_typo_transform_mobile":"","ocean_menu_typo_line_height":0,"ocean_menu_typo_line_height_tablet":0,"ocean_menu_typo_line_height_mobile":0,"ocean_menu_typo_line_height_unit":"","ocean_menu_typo_spacing":0,"ocean_menu_typo_spacing_tablet":0,"ocean_menu_typo_spacing_mobile":0,"ocean_menu_typo_spacing_unit":"","ocean_menu_link_color":"","ocean_menu_link_color_hover":"","ocean_menu_link_color_active":"","ocean_menu_link_background":"","ocean_menu_link_hover_background":"","ocean_menu_link_active_background":"","ocean_menu_social_links_bg":"","ocean_menu_social_hover_links_bg":"","ocean_menu_social_links_color":"","ocean_menu_social_hover_links_color":"","ocean_disable_title":"default","ocean_disable_heading":"default","ocean_post_title":"","ocean_post_subheading":"","ocean_post_title_style":"","ocean_post_title_background_color":"","ocean_post_title_background":0,"ocean_post_title_bg_image_position":"","ocean_post_title_bg_image_attachment":"","ocean_post_title_bg_image_repeat":"","ocean_post_title_bg_image_size":"","ocean_post_title_height":0,"ocean_post_title_bg_overlay":0.5,"ocean_post_title_bg_overlay_color":"","ocean_disable_breadcrumbs":"default","ocean_breadcrumbs_color":"","ocean_breadcrumbs_separator_color":"","ocean_breadcrumbs_links_color":"","ocean_breadcrumbs_links_hover_color":"","ocean_display_footer_widgets":"default","ocean_display_footer_bottom":"default","ocean_custom_footer_template":"0","osh_disable_topbar_sticky":"default","osh_disable_header_sticky":"default","osh_sticky_header_style":"default","osh_sticky_header_effect":"","osh_custom_sticky_logo":0,"osh_custom_retina_sticky_logo":0,"osh_custom_sticky_logo_height":0,"osh_background_color":"","osh_links_color":"","osh_links_hover_color":"","osh_links_active_color":"","osh_links_bg_color":"","osh_links_hover_bg_color":"","osh_links_active_bg_color":"","osh_menu_social_links_color":"","osh_menu_social_hover_links_color":""},"product_brand":[],"product_cat":[269,256,257],"product_tag":[921,906,996,1059,816,920,926,1053],"class_list":{"0":"post-11971","1":"product","2":"type-product","3":"status-publish","4":"has-post-thumbnail","6":"product_cat-stroemper-og-selvsiddende","7":"product_cat-kvinder","8":"product_cat-stroemper","9":"product_tag-fraek-kvinde","10":"product_tag-fraekt-undertoej","11":"product_tag-fraektundertoej","12":"product_tag-selvsiddende-stroemper-med-blondekant-og-soem","13":"product_tag-sexy","14":"product_tag-sexy-kvinde","15":"product_tag-sexy-undertjoej","16":"product_tag-stroemper","17":"pa_vaelg-l-4","18":"pa_vaelg-m-3","19":"pa_vaelg-s-2","20":"pa_vaelg-xl-5","21":"pa_vaelg-xs-1","23":"entry","24":"has-media","26":"first","27":"instock","28":"taxable","29":"shipping-taxable","30":"purchasable","31":"product-type-variable","32":"has-default-attributes","33":"has-product-nav","34":"col","35":"span_1_of_3","36":"owp-content-center","37":"owp-thumbs-layout-horizontal","38":"owp-btn-normal","39":"owp-tabs-layout-horizontal","41":"circle-sale"},"supplier_id":null,"supplier_sku":"","barcode":null,"atum_controlled":true,"out_stock_date":null,"out_stock_threshold":null,"inheritable":false,"inbound_stock":null,"stock_on_hold":0,"sold_today":0,"sales_last_days":0,"reserved_stock":null,"customer_returns":null,"warehouse_damage":null,"lost_in_post":null,"other_logs":null,"out_stock_days":0,"lost_sales":0,"has_location":null,"update_date":"2025-12-15T00:09:13","atum_locations":[],"atum_stock_status":"instock","restock_status":false,"low_stock_amount":"","sales_update_date":"2025-12-15T00:09:13","calc_backorders":0,"acf":[],"_links":{"self":[{"href":"https:\/\/kinkyshop.dk\/index.php?rest_route=\/wp\/v2\/product\/11971","targetHints":{"allow":["GET"]}}],"collection":[{"href":"https:\/\/kinkyshop.dk\/index.php?rest_route=\/wp\/v2\/product"}],"about":[{"href":"https:\/\/kinkyshop.dk\/index.php?rest_route=\/wp\/v2\/types\/product"}],"version-history":[{"count":1,"href":"https:\/\/kinkyshop.dk\/index.php?rest_route=\/wp\/v2\/product\/11971\/revisions"}],"predecessor-version":[{"id":11982,"href":"https:\/\/kinkyshop.dk\/index.php?rest_route=\/wp\/v2\/product\/11971\/revisions\/11982"}],"wp:featuredmedia":[{"embeddable":true,"href":"https:\/\/kinkyshop.dk\/index.php?rest_route=\/wp\/v2\/media\/11980"}],"wp:attachment":[{"href":"https:\/\/kinkyshop.dk\/index.php?rest_route=%2Fwp%2Fv2%2Fmedia&parent=11971"}],"wp:term":[{"taxonomy":"product_brand","embeddable":true,"href":"https:\/\/kinkyshop.dk\/index.php?rest_route=%2Fwp%2Fv2%2Fproduct_brand&post=11971"},{"taxonomy":"product_cat","embeddable":true,"href":"https:\/\/kinkyshop.dk\/index.php?rest_route=%2Fwp%2Fv2%2Fproduct_cat&post=11971"},{"taxonomy":"product_tag","embeddable":true,"href":"https:\/\/kinkyshop.dk\/index.php?rest_route=%2Fwp%2Fv2%2Fproduct_tag&post=11971"}],"curies":[{"name":"wp","href":"https:\/\/api.w.org\/{rel}","templated":true}]}}