{"id":12825,"date":"2024-01-16T19:51:41","date_gmt":"2024-01-16T18:51:41","guid":{"rendered":"https:\/\/kinkyshop.dk\/?post_type=product&#038;p=12825"},"modified":"2024-02-01T00:06:31","modified_gmt":"2024-01-31T23:06:31","slug":"eksklusivt-lingeri","status":"publish","type":"product","link":"https:\/\/kinkyshop.dk\/?product=eksklusivt-lingeri","title":{"rendered":"Noir Vinyl Kjole med Fl\u00e6sedetaljer"},"content":{"rendered":"<p>Skinnende sort vinyl\u00a0kjole\u00a0med s\u00f8de fl\u00e6ser &#8211; en\u00a0pirrende og forf\u00f8rende\u00a0kontrast.<br \/>\nDen har en figursyet top og\u00a0et udst\u00e5ende plisseret sk\u00f8rt.<br \/>\nAlt i alt en forf\u00f8rende lille kjole til mange lejligheder! Og nem og hurtig at tage af og p\u00e5 takket v\u00e6re den praktiske lynl\u00e5s bagp\u00e5.<\/p>\n<p>Materialet er ikke det typiske vinyl. Noir laver et utrolig l\u00e6kkert og bl\u00f8dt materiale der er mere elastisk og l\u00e6kkert at have p\u00e5.<br \/>\nDet f\u00f8les ganske enkelt ikke som vinyl.<br \/>\nDet er en af de kjoler man ikke kan forklare. Den skal pr\u00f8ves.<\/p>\n<ul>\n<li>Snit og materiale: Kort kjole med sort lakglans og fl\u00e6sestropper.<\/li>\n<li>Figursyet snit med let\u00a0plisseret sk\u00f8rt.<\/li>\n<li>Gennemg\u00e5ende 2-vejs lynl\u00e5s p\u00e5 ryggen.<\/li>\n<li>77% polyester, 23% elastan, polymerbel\u00e6gning.<\/li>\n<li>Med elastan: denne minikjole ser ikke kun uimodst\u00e5elig ud, men giver ogs\u00e5 en sikker pasform og maksimal komfort.<\/li>\n<li>OBS: Denne vare er mindre end normalt &#8211; se venligst den separate Noir-st\u00f8rrelsestabel!<\/li>\n<\/ul>\n","protected":false},"excerpt":{"rendered":"<p><br data-mce-bogus=\"1\"><\/p>\n","protected":false},"featured_media":12831,"template":"","meta":{"_acf_changed":false,"ocean_post_layout":"","ocean_both_sidebars_style":"","ocean_both_sidebars_content_width":0,"ocean_both_sidebars_sidebars_width":0,"ocean_sidebar":"0","ocean_second_sidebar":"0","ocean_disable_margins":"enable","ocean_add_body_class":"","ocean_shortcode_before_top_bar":"","ocean_shortcode_after_top_bar":"","ocean_shortcode_before_header":"","ocean_shortcode_after_header":"","ocean_has_shortcode":"","ocean_shortcode_after_title":"","ocean_shortcode_before_footer_widgets":"","ocean_shortcode_after_footer_widgets":"","ocean_shortcode_before_footer_bottom":"","ocean_shortcode_after_footer_bottom":"","ocean_display_top_bar":"default","ocean_display_header":"default","ocean_header_style":"","ocean_center_header_left_menu":"0","ocean_custom_header_template":"0","ocean_custom_logo":0,"ocean_custom_retina_logo":0,"ocean_custom_logo_max_width":0,"ocean_custom_logo_tablet_max_width":0,"ocean_custom_logo_mobile_max_width":0,"ocean_custom_logo_max_height":0,"ocean_custom_logo_tablet_max_height":0,"ocean_custom_logo_mobile_max_height":0,"ocean_header_custom_menu":"0","ocean_menu_typo_font_family":"0","ocean_menu_typo_font_subset":"","ocean_menu_typo_font_size":0,"ocean_menu_typo_font_size_tablet":0,"ocean_menu_typo_font_size_mobile":0,"ocean_menu_typo_font_size_unit":"px","ocean_menu_typo_font_weight":"","ocean_menu_typo_font_weight_tablet":"","ocean_menu_typo_font_weight_mobile":"","ocean_menu_typo_transform":"","ocean_menu_typo_transform_tablet":"","ocean_menu_typo_transform_mobile":"","ocean_menu_typo_line_height":0,"ocean_menu_typo_line_height_tablet":0,"ocean_menu_typo_line_height_mobile":0,"ocean_menu_typo_line_height_unit":"","ocean_menu_typo_spacing":0,"ocean_menu_typo_spacing_tablet":0,"ocean_menu_typo_spacing_mobile":0,"ocean_menu_typo_spacing_unit":"","ocean_menu_link_color":"","ocean_menu_link_color_hover":"","ocean_menu_link_color_active":"","ocean_menu_link_background":"","ocean_menu_link_hover_background":"","ocean_menu_link_active_background":"","ocean_menu_social_links_bg":"","ocean_menu_social_hover_links_bg":"","ocean_menu_social_links_color":"","ocean_menu_social_hover_links_color":"","ocean_disable_title":"default","ocean_disable_heading":"default","ocean_post_title":"","ocean_post_subheading":"","ocean_post_title_style":"","ocean_post_title_background_color":"","ocean_post_title_background":0,"ocean_post_title_bg_image_position":"","ocean_post_title_bg_image_attachment":"","ocean_post_title_bg_image_repeat":"","ocean_post_title_bg_image_size":"","ocean_post_title_height":0,"ocean_post_title_bg_overlay":0.5,"ocean_post_title_bg_overlay_color":"","ocean_disable_breadcrumbs":"default","ocean_breadcrumbs_color":"","ocean_breadcrumbs_separator_color":"","ocean_breadcrumbs_links_color":"","ocean_breadcrumbs_links_hover_color":"","ocean_display_footer_widgets":"default","ocean_display_footer_bottom":"default","ocean_custom_footer_template":"0","osh_disable_topbar_sticky":"default","osh_disable_header_sticky":"default","osh_sticky_header_style":"default","osh_sticky_header_effect":"","osh_custom_sticky_logo":0,"osh_custom_retina_sticky_logo":0,"osh_custom_sticky_logo_height":0,"osh_background_color":"","osh_links_color":"","osh_links_hover_color":"","osh_links_active_color":"","osh_links_bg_color":"","osh_links_hover_bg_color":"","osh_links_active_bg_color":"","osh_menu_social_links_color":"","osh_menu_social_hover_links_color":""},"product_brand":[],"product_cat":[279,278,256],"product_tag":[964,759,739,766,812,906,996,746,1200,771,781,1181,1199,816,920,877,876],"class_list":{"0":"post-12825","1":"product","2":"type-product","3":"status-publish","4":"has-post-thumbnail","6":"product_cat-kjoler","7":"product_cat-kjoler-og-nederdele","8":"product_cat-kvinder","9":"product_tag-beklaedning","10":"product_tag-blonde-lingeri","11":"product_tag-fraek","12":"product_tag-fraek-kostume","13":"product_tag-fraekt","14":"product_tag-fraekt-undertoej","15":"product_tag-fraektundertoej","16":"product_tag-kjole","17":"product_tag-kjoler","18":"product_tag-kvinder","19":"product_tag-lingeri","20":"product_tag-noir","21":"product_tag-noir-vinyl-kjole-med-flaesedetaljer","22":"product_tag-sexy","23":"product_tag-sexy-kvinde","24":"product_tag-store-kvinder","25":"product_tag-store-piger","26":"pa_vaelg-l","27":"pa_vaelg-m","28":"pa_vaelg-s","29":"pa_vaelg-xl","31":"entry","32":"has-media","34":"first","35":"instock","36":"sale","37":"taxable","38":"shipping-taxable","39":"purchasable","40":"product-type-variable","41":"has-default-attributes","42":"has-product-nav","43":"col","44":"span_1_of_3","45":"owp-content-center","46":"owp-thumbs-layout-horizontal","47":"owp-btn-normal","48":"owp-tabs-layout-horizontal","50":"circle-sale"},"supplier_id":null,"supplier_sku":"","barcode":null,"atum_controlled":true,"out_stock_date":null,"out_stock_threshold":null,"inheritable":false,"inbound_stock":null,"stock_on_hold":0,"sold_today":0,"sales_last_days":0,"reserved_stock":null,"customer_returns":null,"warehouse_damage":null,"lost_in_post":null,"other_logs":null,"out_stock_days":0,"lost_sales":0,"has_location":null,"update_date":"2026-05-13T00:00:29","atum_locations":[],"atum_stock_status":"instock","restock_status":false,"low_stock_amount":"","sales_update_date":"2026-05-13T00:00:29","calc_backorders":0,"acf":[],"_links":{"self":[{"href":"https:\/\/kinkyshop.dk\/index.php?rest_route=\/wp\/v2\/product\/12825","targetHints":{"allow":["GET"]}}],"collection":[{"href":"https:\/\/kinkyshop.dk\/index.php?rest_route=\/wp\/v2\/product"}],"about":[{"href":"https:\/\/kinkyshop.dk\/index.php?rest_route=\/wp\/v2\/types\/product"}],"version-history":[{"count":2,"href":"https:\/\/kinkyshop.dk\/index.php?rest_route=\/wp\/v2\/product\/12825\/revisions"}],"predecessor-version":[{"id":12837,"href":"https:\/\/kinkyshop.dk\/index.php?rest_route=\/wp\/v2\/product\/12825\/revisions\/12837"}],"wp:featuredmedia":[{"embeddable":true,"href":"https:\/\/kinkyshop.dk\/index.php?rest_route=\/wp\/v2\/media\/12831"}],"wp:attachment":[{"href":"https:\/\/kinkyshop.dk\/index.php?rest_route=%2Fwp%2Fv2%2Fmedia&parent=12825"}],"wp:term":[{"taxonomy":"product_brand","embeddable":true,"href":"https:\/\/kinkyshop.dk\/index.php?rest_route=%2Fwp%2Fv2%2Fproduct_brand&post=12825"},{"taxonomy":"product_cat","embeddable":true,"href":"https:\/\/kinkyshop.dk\/index.php?rest_route=%2Fwp%2Fv2%2Fproduct_cat&post=12825"},{"taxonomy":"product_tag","embeddable":true,"href":"https:\/\/kinkyshop.dk\/index.php?rest_route=%2Fwp%2Fv2%2Fproduct_tag&post=12825"}],"curies":[{"name":"wp","href":"https:\/\/api.w.org\/{rel}","templated":true}]}}