{"id":8510,"date":"2023-05-08T08:43:50","date_gmt":"2023-05-08T08:43:50","guid":{"rendered":"https:\/\/kinkyshop.dk\/index.php\/vare\/pleasure-overload-surprise-kalender-fra-fifty-shades-of-grey\/"},"modified":"2023-05-08T08:44:00","modified_gmt":"2023-05-08T08:44:00","slug":"pleasure-overload-surprise-kalender-fra-fifty-shades-of-grey","status":"publish","type":"product","link":"https:\/\/kinkyshop.dk\/?product=pleasure-overload-surprise-kalender-fra-fifty-shades-of-grey","title":{"rendered":"Pleasure Overload Surprise Kalender fra Fifty Shades of Grey"},"content":{"rendered":"<p>Dette 10-delte Pleasure Overload 10 Days of Play-s\u00e6t i h\u00f8j kvalitet fra Fifty Shades of Grey indeholder alt, hvad du beh\u00f8ver for at opleve en forn\u00f8jelig leg \u00e0 la Ana og Christian. Stilfuldt pakket ind i en 10-dages kalender &#8211; en sp\u00e6ndende overraskelse venter bag hver d\u00f8r i form af sensuelt leget\u00f8j og f\u00e6ngslende tilbeh\u00f8r. Indhold:1 x vibro-penisring (6,2 cm lang, indvendig \u00d8 3,2 cm, 12 g v\u00e6gt).1 x Vibrobullet (9,5 cm lang, \u00d8 1,8 cm, 20 g tung)1 x analplug med (finger)ring (10,7 cm lang, \u00d8 max. 2,5 cm, 31 g tung)1 x satin \u00f8jenmaske (bl\u00f8dt velour indeni, uigennemsigtig, 19 cm bred)1 x mini flogger (26 cm lang, bl\u00f8de stropper 19 cm lange)1 x elskovskugle-duo (15,5 cm lang, returrem 8 cm lang, 56 g tung)1 x Brystvorteklemmer s\u00e6t med 2 stk. (hver 8,6 cm lang, 9 g tung)1 x fjederstang (16 cm lang)2 x satin ankelb\u00e5nd (hver 137 cm lang, 14,5 cm bred)Opbevaringspose medf\u00f8lger (37 cm lang, 14,5 cm bred). Bestil venligst batterier separat: 1 x AAA, 2 x LR41.Silikone, PU, ABS, polyester, metal, fjer, imiteret l\u00e6der.Indeholder ikke-tekstildele af animalsk oprindelse.<\/p>\n","protected":false},"excerpt":{"rendered":"<p>Dette 10-delte Pleasure Overload 10 Days of Play-s\u00e6t i h\u00f8j kvalitet fra Fifty Shades of Grey indeholder alt, hvad du beh\u00f8ver for at opleve en forn\u00f8jelig leg \u00e0 la Ana og Christian. Stilfuldt pakket ind i en 10-dages kalender &#8211; en sp\u00e6ndende overraskelse venter bag hver d\u00f8r i form af sensuelt leget\u00f8j og f\u00e6ngslende tilbeh\u00f8r. [&hellip;]<\/p>\n","protected":false},"featured_media":8512,"template":"","meta":{"_acf_changed":false,"ocean_post_layout":"","ocean_both_sidebars_style":"","ocean_both_sidebars_content_width":0,"ocean_both_sidebars_sidebars_width":0,"ocean_sidebar":"","ocean_second_sidebar":"","ocean_disable_margins":"enable","ocean_add_body_class":"","ocean_shortcode_before_top_bar":"","ocean_shortcode_after_top_bar":"","ocean_shortcode_before_header":"","ocean_shortcode_after_header":"","ocean_has_shortcode":"","ocean_shortcode_after_title":"","ocean_shortcode_before_footer_widgets":"","ocean_shortcode_after_footer_widgets":"","ocean_shortcode_before_footer_bottom":"","ocean_shortcode_after_footer_bottom":"","ocean_display_top_bar":"default","ocean_display_header":"default","ocean_header_style":"","ocean_center_header_left_menu":"","ocean_custom_header_template":"","ocean_custom_logo":0,"ocean_custom_retina_logo":0,"ocean_custom_logo_max_width":0,"ocean_custom_logo_tablet_max_width":0,"ocean_custom_logo_mobile_max_width":0,"ocean_custom_logo_max_height":0,"ocean_custom_logo_tablet_max_height":0,"ocean_custom_logo_mobile_max_height":0,"ocean_header_custom_menu":"","ocean_menu_typo_font_family":"","ocean_menu_typo_font_subset":"","ocean_menu_typo_font_size":0,"ocean_menu_typo_font_size_tablet":0,"ocean_menu_typo_font_size_mobile":0,"ocean_menu_typo_font_size_unit":"px","ocean_menu_typo_font_weight":"","ocean_menu_typo_font_weight_tablet":"","ocean_menu_typo_font_weight_mobile":"","ocean_menu_typo_transform":"","ocean_menu_typo_transform_tablet":"","ocean_menu_typo_transform_mobile":"","ocean_menu_typo_line_height":0,"ocean_menu_typo_line_height_tablet":0,"ocean_menu_typo_line_height_mobile":0,"ocean_menu_typo_line_height_unit":"","ocean_menu_typo_spacing":0,"ocean_menu_typo_spacing_tablet":0,"ocean_menu_typo_spacing_mobile":0,"ocean_menu_typo_spacing_unit":"","ocean_menu_link_color":"","ocean_menu_link_color_hover":"","ocean_menu_link_color_active":"","ocean_menu_link_background":"","ocean_menu_link_hover_background":"","ocean_menu_link_active_background":"","ocean_menu_social_links_bg":"","ocean_menu_social_hover_links_bg":"","ocean_menu_social_links_color":"","ocean_menu_social_hover_links_color":"","ocean_disable_title":"default","ocean_disable_heading":"default","ocean_post_title":"","ocean_post_subheading":"","ocean_post_title_style":"","ocean_post_title_background_color":"","ocean_post_title_background":0,"ocean_post_title_bg_image_position":"","ocean_post_title_bg_image_attachment":"","ocean_post_title_bg_image_repeat":"","ocean_post_title_bg_image_size":"","ocean_post_title_height":0,"ocean_post_title_bg_overlay":0.5,"ocean_post_title_bg_overlay_color":"","ocean_disable_breadcrumbs":"default","ocean_breadcrumbs_color":"","ocean_breadcrumbs_separator_color":"","ocean_breadcrumbs_links_color":"","ocean_breadcrumbs_links_hover_color":"","ocean_display_footer_widgets":"default","ocean_display_footer_bottom":"default","ocean_custom_footer_template":"","osh_disable_topbar_sticky":"default","osh_disable_header_sticky":"default","osh_sticky_header_style":"default","osh_sticky_header_effect":"","osh_custom_sticky_logo":0,"osh_custom_retina_sticky_logo":0,"osh_custom_sticky_logo_height":0,"osh_background_color":"","osh_links_color":"","osh_links_hover_color":"","osh_links_active_color":"","osh_links_bg_color":"","osh_links_hover_bg_color":"","osh_links_active_bg_color":"","osh_menu_social_links_color":"","osh_menu_social_hover_links_color":""},"product_brand":[],"product_cat":[418,582,367],"product_tag":[],"class_list":{"0":"post-8510","1":"product","2":"type-product","3":"status-publish","4":"has-post-thumbnail","6":"product_cat-blid-bondage","7":"product_cat-bondage-saet-blid-bondage","8":"product_cat-par","9":"pa_vaelg-sort-soelv","11":"entry","12":"has-media","14":"first","15":"instock","16":"taxable","17":"shipping-taxable","18":"purchasable","19":"product-type-simple","20":"has-product-nav","21":"col","22":"span_1_of_3","23":"owp-content-center","24":"owp-thumbs-layout-horizontal","25":"owp-btn-normal","26":"owp-tabs-layout-horizontal","27":"has-no-thumbnails","29":"circle-sale"},"supplier_id":null,"supplier_sku":"","barcode":null,"atum_controlled":true,"out_stock_date":null,"out_stock_threshold":null,"inheritable":false,"inbound_stock":null,"stock_on_hold":0,"sold_today":0,"sales_last_days":0,"reserved_stock":null,"customer_returns":null,"warehouse_damage":null,"lost_in_post":null,"other_logs":null,"out_stock_days":0,"lost_sales":0,"has_location":null,"update_date":"2025-12-15T00:08:58","atum_locations":[],"atum_stock_status":"instock","restock_status":false,"low_stock_amount":"","sales_update_date":"2025-12-15T00:08:58","calc_backorders":null,"acf":[],"_links":{"self":[{"href":"https:\/\/kinkyshop.dk\/index.php?rest_route=\/wp\/v2\/product\/8510","targetHints":{"allow":["GET"]}}],"collection":[{"href":"https:\/\/kinkyshop.dk\/index.php?rest_route=\/wp\/v2\/product"}],"about":[{"href":"https:\/\/kinkyshop.dk\/index.php?rest_route=\/wp\/v2\/types\/product"}],"version-history":[{"count":0,"href":"https:\/\/kinkyshop.dk\/index.php?rest_route=\/wp\/v2\/product\/8510\/revisions"}],"wp:featuredmedia":[{"embeddable":true,"href":"https:\/\/kinkyshop.dk\/index.php?rest_route=\/wp\/v2\/media\/8512"}],"wp:attachment":[{"href":"https:\/\/kinkyshop.dk\/index.php?rest_route=%2Fwp%2Fv2%2Fmedia&parent=8510"}],"wp:term":[{"taxonomy":"product_brand","embeddable":true,"href":"https:\/\/kinkyshop.dk\/index.php?rest_route=%2Fwp%2Fv2%2Fproduct_brand&post=8510"},{"taxonomy":"product_cat","embeddable":true,"href":"https:\/\/kinkyshop.dk\/index.php?rest_route=%2Fwp%2Fv2%2Fproduct_cat&post=8510"},{"taxonomy":"product_tag","embeddable":true,"href":"https:\/\/kinkyshop.dk\/index.php?rest_route=%2Fwp%2Fv2%2Fproduct_tag&post=8510"}],"curies":[{"name":"wp","href":"https:\/\/api.w.org\/{rel}","templated":true}]}}