{"id":8680,"date":"2023-05-08T08:46:21","date_gmt":"2023-05-08T08:46:21","guid":{"rendered":"https:\/\/kinkyshop.dk\/index.php\/vare\/beauments-doppio-par-vibrator\/"},"modified":"2023-05-08T08:47:12","modified_gmt":"2023-05-08T08:47:12","slug":"beauments-doppio-par-vibrator","status":"publish","type":"product","link":"https:\/\/kinkyshop.dk\/?product=beauments-doppio-par-vibrator","title":{"rendered":"BeauMents Doppio Par Vibrator"},"content":{"rendered":"<p>Doppio beriger dit k\u00e6rlighedsliv med dennes alsidighed. Takket v\u00e6re de ekstremt fleksible vibroarme kan du v\u00e6re helt kreativ og nyde de varme vibrationer alene eller som et par. I sin enkleste form kan Doppio bruges som lay-on vibrator. Fork\u00e6l dine erogene zoner med den, eller brug leget\u00f8jet til en sensuel fuldkropsmassage. For m\u00e6nd er Doppio blandt andet en varm opgradering til hand eller blowjob. For en erotisk prostata-massage skal du blot inds\u00e6tte de to vibro-arme analt. Med de vibrerende endestykke kan du ogs\u00e5 fork\u00e6le dit perineum. Kvinder f\u00e5r ogs\u00e5 deres penge v\u00e6rd med Doppio. Den multifunktionelle allrounder fork\u00e6ler dit G-punkt og klitoris p\u00e5 samme tid. S\u00e5 n\u00e5r det kommer til sex, fork\u00e6les hans penis af parvibratoren. Der er n\u00e6ppe nogen gr\u00e6nser for din fantasi med Doppio. Under alle omst\u00e6ndigheder giver lidt vandbaseret glidecreme en ekstra del af smidighed. Hvad er specielt ved Doppio-parvibratoren?Doppio er en multifunktionel allrounder, der fork\u00e6ler b\u00e5de kvinder og m\u00e6nd. Dens innovative form, den ekstreme fleksibilitet og3 separat styrbare motorer med hver 7 vibrationsmodi garanterer dig n\u00e6sten ubegr\u00e6nsede muligheder. Den perfekte partner til dine erotiske fantasier &#8211; alene eller som et par og til mere sjov med sex. Hvad skal jeg overveje med Doppio-parvibratoren?Doppio b\u00f8r kun bruges med vandbaserede glidecremer. Produkter, der indeholder silikone, kan beskadige materialet. Hvordan reng\u00f8res Doppio-parvibratoren?Reng\u00f8r Doppio under rindende vand med mild s\u00e6be. Vi anbefaler en leget\u00f8jsrenser til s\u00e6rlig pleje. Samlet l\u00e6ngde 14 cm, \u00d8 1,9 cm, bredde p\u00e5 st\u00f8ttefladen 3 cm. Silikone, ABS.<\/p>\n","protected":false},"excerpt":{"rendered":"<p>Doppio beriger dit k\u00e6rlighedsliv med dennes alsidighed. Takket v\u00e6re de ekstremt fleksible vibroarme kan du v\u00e6re helt kreativ og nyde de varme vibrationer alene eller som et par. I sin enkleste form kan Doppio bruges som lay-on vibrator. Fork\u00e6l dine erogene zoner med den, eller brug leget\u00f8jet til en sensuel fuldkropsmassage. For m\u00e6nd er Doppio [&hellip;]<\/p>\n","protected":false},"featured_media":8682,"template":"","meta":{"_acf_changed":false,"ocean_post_layout":"","ocean_both_sidebars_style":"","ocean_both_sidebars_content_width":0,"ocean_both_sidebars_sidebars_width":0,"ocean_sidebar":"","ocean_second_sidebar":"","ocean_disable_margins":"enable","ocean_add_body_class":"","ocean_shortcode_before_top_bar":"","ocean_shortcode_after_top_bar":"","ocean_shortcode_before_header":"","ocean_shortcode_after_header":"","ocean_has_shortcode":"","ocean_shortcode_after_title":"","ocean_shortcode_before_footer_widgets":"","ocean_shortcode_after_footer_widgets":"","ocean_shortcode_before_footer_bottom":"","ocean_shortcode_after_footer_bottom":"","ocean_display_top_bar":"default","ocean_display_header":"default","ocean_header_style":"","ocean_center_header_left_menu":"","ocean_custom_header_template":"","ocean_custom_logo":0,"ocean_custom_retina_logo":0,"ocean_custom_logo_max_width":0,"ocean_custom_logo_tablet_max_width":0,"ocean_custom_logo_mobile_max_width":0,"ocean_custom_logo_max_height":0,"ocean_custom_logo_tablet_max_height":0,"ocean_custom_logo_mobile_max_height":0,"ocean_header_custom_menu":"","ocean_menu_typo_font_family":"","ocean_menu_typo_font_subset":"","ocean_menu_typo_font_size":0,"ocean_menu_typo_font_size_tablet":0,"ocean_menu_typo_font_size_mobile":0,"ocean_menu_typo_font_size_unit":"px","ocean_menu_typo_font_weight":"","ocean_menu_typo_font_weight_tablet":"","ocean_menu_typo_font_weight_mobile":"","ocean_menu_typo_transform":"","ocean_menu_typo_transform_tablet":"","ocean_menu_typo_transform_mobile":"","ocean_menu_typo_line_height":0,"ocean_menu_typo_line_height_tablet":0,"ocean_menu_typo_line_height_mobile":0,"ocean_menu_typo_line_height_unit":"","ocean_menu_typo_spacing":0,"ocean_menu_typo_spacing_tablet":0,"ocean_menu_typo_spacing_mobile":0,"ocean_menu_typo_spacing_unit":"","ocean_menu_link_color":"","ocean_menu_link_color_hover":"","ocean_menu_link_color_active":"","ocean_menu_link_background":"","ocean_menu_link_hover_background":"","ocean_menu_link_active_background":"","ocean_menu_social_links_bg":"","ocean_menu_social_hover_links_bg":"","ocean_menu_social_links_color":"","ocean_menu_social_hover_links_color":"","ocean_disable_title":"default","ocean_disable_heading":"default","ocean_post_title":"","ocean_post_subheading":"","ocean_post_title_style":"","ocean_post_title_background_color":"","ocean_post_title_background":0,"ocean_post_title_bg_image_position":"","ocean_post_title_bg_image_attachment":"","ocean_post_title_bg_image_repeat":"","ocean_post_title_bg_image_size":"","ocean_post_title_height":0,"ocean_post_title_bg_overlay":0.5,"ocean_post_title_bg_overlay_color":"","ocean_disable_breadcrumbs":"default","ocean_breadcrumbs_color":"","ocean_breadcrumbs_separator_color":"","ocean_breadcrumbs_links_color":"","ocean_breadcrumbs_links_hover_color":"","ocean_display_footer_widgets":"default","ocean_display_footer_bottom":"default","ocean_custom_footer_template":"","osh_disable_topbar_sticky":"default","osh_disable_header_sticky":"default","osh_sticky_header_style":"default","osh_sticky_header_effect":"","osh_custom_sticky_logo":0,"osh_custom_retina_sticky_logo":0,"osh_custom_sticky_logo_height":0,"osh_background_color":"","osh_links_color":"","osh_links_hover_color":"","osh_links_active_color":"","osh_links_bg_color":"","osh_links_hover_bg_color":"","osh_links_active_bg_color":"","osh_menu_social_links_color":"","osh_menu_social_hover_links_color":""},"product_brand":[],"product_cat":[367,405,567],"product_tag":[],"class_list":{"0":"post-8680","1":"product","2":"type-product","3":"status-publish","4":"has-post-thumbnail","6":"product_cat-par","7":"product_cat-sexlegetoej-til-par","8":"product_cat-vibrator-til-par","9":"pa_vaelg-blaa","10":"pa_vaelg-lilla","12":"entry","13":"has-media","15":"first","16":"instock","17":"taxable","18":"shipping-taxable","19":"purchasable","20":"product-type-variable","21":"has-product-nav","22":"col","23":"span_1_of_3","24":"owp-content-center","25":"owp-thumbs-layout-horizontal","26":"owp-btn-normal","27":"owp-tabs-layout-horizontal","28":"has-no-thumbnails","30":"circle-sale"},"supplier_id":null,"supplier_sku":"","barcode":null,"atum_controlled":true,"out_stock_date":null,"out_stock_threshold":null,"inheritable":false,"inbound_stock":null,"stock_on_hold":0,"sold_today":0,"sales_last_days":0,"reserved_stock":null,"customer_returns":null,"warehouse_damage":null,"lost_in_post":null,"other_logs":null,"out_stock_days":0,"lost_sales":0,"has_location":null,"update_date":"2025-12-15T00:09:01","atum_locations":[],"atum_stock_status":"instock","restock_status":false,"low_stock_amount":"","sales_update_date":"2025-12-15T00:09:01","calc_backorders":null,"acf":[],"_links":{"self":[{"href":"https:\/\/kinkyshop.dk\/index.php?rest_route=\/wp\/v2\/product\/8680","targetHints":{"allow":["GET"]}}],"collection":[{"href":"https:\/\/kinkyshop.dk\/index.php?rest_route=\/wp\/v2\/product"}],"about":[{"href":"https:\/\/kinkyshop.dk\/index.php?rest_route=\/wp\/v2\/types\/product"}],"version-history":[{"count":0,"href":"https:\/\/kinkyshop.dk\/index.php?rest_route=\/wp\/v2\/product\/8680\/revisions"}],"wp:featuredmedia":[{"embeddable":true,"href":"https:\/\/kinkyshop.dk\/index.php?rest_route=\/wp\/v2\/media\/8682"}],"wp:attachment":[{"href":"https:\/\/kinkyshop.dk\/index.php?rest_route=%2Fwp%2Fv2%2Fmedia&parent=8680"}],"wp:term":[{"taxonomy":"product_brand","embeddable":true,"href":"https:\/\/kinkyshop.dk\/index.php?rest_route=%2Fwp%2Fv2%2Fproduct_brand&post=8680"},{"taxonomy":"product_cat","embeddable":true,"href":"https:\/\/kinkyshop.dk\/index.php?rest_route=%2Fwp%2Fv2%2Fproduct_cat&post=8680"},{"taxonomy":"product_tag","embeddable":true,"href":"https:\/\/kinkyshop.dk\/index.php?rest_route=%2Fwp%2Fv2%2Fproduct_tag&post=8680"}],"curies":[{"name":"wp","href":"https:\/\/api.w.org\/{rel}","templated":true}]}}